169
List the prime factors of 933915380.
2, 5, 47, 993527
What are the prime factors of 474600358?
2, 257, 923347
What are the prime factors of 1451893252?
2, 383, 947711
List the prime factors of 497647550.
2, 5, 23, 432737
List the prime factors of 2685668689.
11, 47, 472247
List the prime factors of 750330915.
3, 5, 50022061
List the prime factors of 254184580.
2, 5, 13, 373, 2621
List the prime factors of 19338806.
2, 9669403
What are the prime factors of 158423174?
2, 7, 13, 124351
What are the prime factors of 939980135?
5, 187996027
What are the prime factors of 4064778672?
2, 3, 479, 176791
List the prime factors of 1382909506.
2, 11, 17, 199, 1093
What are the prime factors of 186941587?
7, 127, 210283
What are the prime factors of 1189533472?
2, 37172921
What are the prime factors of 80436375?
3, 5, 23833
What are the prime factors of 143332632?
2, 3, 97, 6841
List the prime factors of 316076199.
3, 105358733
What are the prime factors of 85196295?
3, 5, 59, 32089
What are the prime factors of 128421549?
3, 14269061
List the prime factors of 511513775.
5, 59, 239, 1451
What are the prime factors of 176406916?
2, 7, 97, 64951
List the prime factors of 40738493.
40738493
List the prime factors of 3708486589.
101, 199, 184511
List the prime factors of 2565928960.
2, 5, 7, 35797
List the prime factors of 36088565.
5, 7217713
List the prime factors of 832821263.
251, 3318013
What are the prime factors of 69235195?
5, 13847039
List the prime factors of 89382737.
89382737
What are the prime factors of 234584749?
7, 1129, 29683
What are the prime factors of 3528045554?
2, 11, 160365707
List the prime factors of 8350851.
3, 1181, 2357
What are the prime factors of 191960305?
5, 38392061
List the prime factors of 230899484.
2, 23, 2509777
List the prime factors of 58533533.
17, 661, 5209
What are the prime factors of 46690022?
2, 67, 348433
What are the prime factors of 99310828?
2, 83, 89, 3361
What are the prime factors of 326739579?
3, 2791, 39023
List the prime factors of 941629305.
3, 5, 5659, 11093
List the prime factors of 3310971028.
2, 131, 277, 22811
List the prime factors of 2238408744.
2, 3, 11, 13, 652217
List the prime factors of 78623085.
3, 5, 23, 227893
List the prime factors of 217625088.
2, 3, 19, 7457
What are the prime factors of 48814986?
2, 3, 11, 739621
List the prime factors of 360187691.
11939, 30169
List the prime factors of 584479403.
9311, 62773
List the prime factors of 76952260.
2, 5, 7, 11, 107, 467
List the prime factors of 49374776.
2, 11, 4637
List the prime factors of 107376254.
2, 149, 360323
What are the prime factors of 19838108?
2, 4959527
List the prime factors of 12299004.
2, 3, 19, 17981
What are the prime factors of 930779265?
3, 5, 13, 4773227
What are the prime factors of 618329013?
3, 89, 2315839
What are the prime factors of 15365508?
2, 3, 37, 34607
What are the prime factors of 17189565?
3, 5, 1145971
What are the prime factors of 3698296857?
3, 19, 21627467
What are the prime factors of 325413242?
2, 7, 11, 47, 44959
List the prime factors of 2788939141.
2788939141
List the prime factors of 7232558.
2, 107, 33797
List the prime factors of 1254822732.
2, 3, 43, 47, 5749
List the prime factors of 233633736.
2, 3, 7, 71, 6529
What are the prime factors of 55202663?
719, 76777
What are the prime factors of 63617542?
2, 467, 68113
List the prime factors of 209268419.
17, 12309907
What are the prime factors of 12152131?
29, 179, 2341
List the prime factors of 104812621.
104812621
List the prime factors of 297393327.
3, 7, 11, 429139
List the prime factors of 585956285.
5, 47, 1459, 1709
What are the prime factors of 51799152?
2, 3, 137, 7877
List the prime factors of 372955843.
13, 17, 1687583
List the prime factors of 45904616.
2, 5738077
What are the prime factors of 13937116?
2, 3484279
What are the prime factors of 509363616?
2, 3, 5305871
What are the prime factors of 14861161?
7, 37, 1171
List the prime factors of 41927233.
41927233
List the prime factors of 552603366.
2, 3, 7, 71, 223, 277
What are the prime factors of 1218358252?
2, 47, 2251, 2879
List the prime factors of 82318990.
2, 5, 13, 337, 1879
List the prime factors of 59652403.
137, 435419
What are the prime factors of 754607615?
5, 179, 843137
List the prime factors of 130832.
2, 13, 17, 37
List the prime factors of 127415383.
37, 3443659
What are the prime factors of 116197342?
2, 2663, 21817
List the prime factors of 78878220.
2, 3, 5, 47, 83, 337
What are the prime factors of 426063120?
2, 3, 5, 7, 253609
What are the prime factors of 53477553?
3, 23, 775037
List the prime factors of 760690278.
2, 3, 389, 12071
What are the prime factors of 1038398614?
2, 11, 47199937
List the prime factors of 74755271.
74755271
What are the prime factors of 3655609710?
2, 3, 5, 47, 2592631
List the prime factors of 477203623.
13, 59, 557, 1117
List the prime factors of 24687394.
2, 12343697
List the prime factors of 64084125.
3, 5, 7, 24413
List the prime factors of 13422835.
5, 19, 229, 617
List the prime factors of 248960698.
2, 7, 17782907
List the prime factors of 50559008.
2, 1579969
List the prime factors of 114676808.
2, 14334601
What are the prime factors of 145884441?
3, 73, 666139
What are the prime factors of 1923382822?
2, 17, 79, 157, 4561
List the prime factors of 17639637.
3, 277, 21227
List the prime factors of 84802737.
3, 28267579
What are the prime factors of 243847963?
853, 285871
What are the prime factors of 591738227?
17, 23, 1513397
List the prime factors of 1683209468.
2, 19, 263, 84211
List the prime factors of 2058448758.
2, 3, 59, 5814827
List the prime factors of 512097075.
3, 5, 7, 541, 601
List the prime factors of 187665323.
41, 163, 28081
List the prime factors of 2406557760.
2, 3, 5, 2506831
What are the prime factors of 584045387?
17, 2309, 14879
List the prime factors of 799954124.
2, 1787, 111913
List the prime factors of 515459078.
2, 293, 879623
What are the prime factors of 73801663?
13, 103, 55117
List the prime factors of 6975626.
2, 7, 498259
What are the prime factors of 1643867353?
3697, 444649
What are the prime factors of 1434794681?
557, 2575933
List the prime factors of 50951220.
2, 3, 5, 37, 59, 389
List the prime factors of 87378950.
2, 5, 1747579
List the prime factors of 572082331.
572082331
What are the prime factors of 1632660690?
2, 3, 5, 19, 67, 42751
List the prime factors of 218367661.
97, 2251213
List the prime factors of 453241945.
5, 13, 673, 797
List the prime factors of 158570298.
2, 3, 211, 4639
List the prime factors of 1504687721.
1504687721
List the prime factors of 2083099467.
3, 31, 1553, 14423
List the prime factors of 441880520.
2, 5, 11047013
What are the prime factors of 14117829?
3, 11, 427813
List the prime factors of 95842074.
2, 3, 127, 125777
What are the prime factors of 860490413?
860490413
List the prime factors of 9663765.
3, 5, 631, 1021
What are the prime factors of 143661394?
2, 19, 198977
List the prime factors of 11576511.
3, 113, 11383
List the prime factors of 4090659205.
5, 67, 127, 96149
What are the prime factors of 2114557410?
2, 3, 5, 7, 17, 499, 1187
List the prime factors of 18472103.
13, 1420931
What are the prime factors of 13112915?
5, 2622583
What are the prime factors of 61374628?
2, 7, 2191951
What are the prime factors of 443408746?
2, 11, 2549, 7907
What are the prime factors of 182592260?
2, 5, 9129613
List the prime factors of 188915576.
2, 23614447
What are the prime factors of 7507656058?
2, 7, 7121, 75307
What are the prime factors of 309216700?
2, 5, 13, 237859
List the prime factors of 63143095.
5, 3229, 3911
List the prime factors of 5757832486.
2, 7, 411273749
What are the prime factors of 195764802?
2, 3, 32627467
What are the prime factors of 36372805?
5, 7, 131, 7933
What are the prime factors of 2597036117?
13, 199772009
What are the prime factors of 41922139?
7, 29, 97, 2129
List the prime factors of 82033273.
7, 277, 42307
What are the prime factors of 1136169394?
2, 7481, 75937
List the prime factors of 31987667.
29, 41, 26903
What are the prime factors of 73132522?
2, 1013, 36097
List the prime factors of 4157180588.
2, 11, 4451, 21227
What are the prime factors of 8908888?
2, 83, 13417
What are the prime factors of 12